**3 + 4*u**2 + 5*u - 5. Let c be (-6 + 3 - -4)*-39. Let z = 43 + c. What is l(z)?
15
Let p(c) = 5 + 6*c + 2*c**2 - c**2 + c**3 - 10*c**2 + 3*c. What is p(8)?
13
Let u(z) = -12*z + 29. Let g(s) = -16*s + 44. Let w(i) = 5*g(i) - 7*u(i). What is w(-9)?
-19
Let k(r) be the second derivative of -r**7/840 + r**6/72 + 7*r**5/120 - 13*r**3/6 - 24*r. Let u(b) be the second derivative of k(b). Give u(6).
6
Suppose -l - 4*l = -15. Let x(v) = 4*v + 3. Let g(w) = -5*w - 4. Let j = -15 + 18. Let p(d) = j*g(d) + 4*x(d). Determine p(l).
3
Let n be (-4)/(-6)*(3 + -18). Let m be ((-8)/6)/(4/12). Let q = m - n. Let d(u) = -u**3 + 5*u**2 + 6*u + 5. Determine d(q).
5
Suppose -3*h - 12 = 0, -3*h - 7 = 4*p - 3. Let i(g) = 2*g**2 + 2*g**p + 1 + 0*g**2. Calculate i(-1).
5
Let l(d) be the third derivative of -d**8/20160 - d**7/720 - d**6/360 + 2*d**5/15 + 12*d**2. Let n(o) be the third derivative of l(o). Calculate n(-6).
4
Let f(c) = c**2 - 3. Suppose -6 = -10*t + 7*t. Suppose 5*h = -0*h. Suppose -7*n + t*n + 4*x - 31 = 0, 5*n + 3*x + 3 = h. What is f(n)?
6
Let u(h) be the second derivative of h**6/120 + h**4/24 + 5*h**3/3 + 13*h**2/2 - h. Let f(i) be the first derivative of u(i). What is f(0)?
10
Let z(q) = -q**3 - q**2 - 2*q + 5. Let f(w) = w**2 + 9*w + 20. Let r be f(-4). Calculate z(r).
5
Suppose -37*d = -86*d + 196. Let v(k) = 4*k + 1 + 1 - 6*k. Give v(d).
-6
Let w(k) = 5*k**2 - 1. Let b be w(1). Let m(o) be the third derivative of o**5/60 - o**4/4 + o**3 + 12*o**2 + 1. Determine m(b).
-2
Suppose 2*d - 10 + 6 = 0. Suppose -5*u = -5*p + 20, 4*u = -d*p - p + 12. Let g(c) be the second derivative of c**3/6 + 5*c**2 - c. What is g(u)?
10
Let c(l) = -l**3 - 7*l**2 + 9*l + 11. Let z be c(-8). Suppose -5 + 0 = z*b - 2*k, b - 9 = -2*k. Let i be b*5 - 0/7. Let s(w) = w**2 - 4*w. Give s(i).
5
Let k(z) = -6*z - 14 + z**2 + z - 4*z**2. Let f(q) = q**2. Let h(a) = 5*a**2 + 3*a + 7. Let w(r) = 4*f(r) - h(r). Let n(x) = 2*k(x) - 5*w(x). What is n(5)?
7
Suppose 7 + 9 = 4*c. Suppose -4 - 12 = 4*i. Let l(k) = -k - 3. Let n(z) = 3*z + 9. Let s(j) = i*n(j) - 11*l(j). Determine s(c).
-7
Let d(h) = -h + 6. Let f be (-198)/(-6 - 0) - 0/(-2). Let g be 4/(-14) - f*8/(-42). Give d(g).
0
Let s(a) = -2*a - 8. Suppose 5*f - 6*f - 5 = 0. Let h be 4*5/(-10) + f. Calculate s(h).
6
Let y(c) be the first derivative of -2 - c**4 - 4*c + 1/2*c**2 + 1/6*c**3. Let x(g) be the first derivative of y(g). Calculate x(-1).
-12
Suppose 43*s - 40*s - 21 = 0. Let b(w) = 2*w - 14. Calculate b(s).
0
Let v(l) be the second derivative of l**5/20 - l**4/12 - l**3/3 + l**2/2 + 57*l - 1. Suppose 7 = 5*a - s, -4*a + 4*s + 9 = -3*a. Calculate v(a).
-1
Let v = -20 - -14. Let z be 8/v*(-63)/14. Let i(g) = 5 - 5*g**2 - 3 + g**3 + 6 - 8*g. Determine i(z).
-4
Let p(x) = -x**2 - 7*x - 4. Let y be (90/75)/(2/(-10)). What is p(y)?
2
Let p(u) be the third derivative of u**5/60 + u**4/12 + u**3/6 - 3*u**2. Suppose -8 = 4*m - 0. What is p(m)?
1
Suppose -13*m + 4 = -12*m. Suppose -m*r + 4*w = 0, 5*w = -r - 9 + 3. Let i(j) = 3*j. Determine i(r).
-3
Let d(w) = w**3 + 14*w**2 - 13*w + 11. Suppose -58*l = -50*l + 120. What is d(l)?
-19
Let w be (-2 - -1)/(10/(-50)). Let v(y) be the first derivative of -4*y - w - 1/2*y**2. Determine v(0).
-4
Let n(y) be the second derivative of -y**5/20 - y**4/2 - 3*y**3/2 - 6*y**2 - 10*y - 7. Calculate n(-4).
-8
Let w(h) = -21*h**2 - 24*h - 15. Let s(n) = 4*n**2 + n. Let r(f) = 5*s(f) + w(f). What is r(-18)?
3
Let o(s) = 320*s - 643*s + 324*s. What is o(3)?
3
Let k be (-483)/(-92) - (-2)/(-8). Suppose s = 3, -k*r + 2*r - s - 9 = 0. Let j(d) = -d**3 - 4*d**2 - d + 3. What is j(r)?
7
Let n(w) = -w**3 - 2*w**2. Let k(c) = c**2 - c + 15. Let z be k(0). Suppose d - z = 6*d. Let v be (-3)/(-4*d/8). Calculate n(v).
0
Suppose 2*t = t + 6. Let y(n) = n**3 + 8*n + 3*n**2 + 692 - 695 - 10*n**2. Calculate y(t).
9
Let s(n) be the second derivative of n**4/12 - 4*n**3/3 + 4*n**2 + 155*n. Give s(5).
-7
Let d(q) = -3*q**3 + q**2 + 10*q - 4. Let o(r) = 4*r**3 - 3*r**2 - 9*r + 3. Let a(p) = -2*d(p) - 3*o(p). Determine a(-1).
5
Suppose -4*g = -3*g. Suppose -3*h + h + 4 = g. Suppose -3 = -h*z + 7. Let y(m) = m - 4. Determine y(z).
1
Let b(v) = -6*v + 16. Let s be (-27)/(-15)*(-35)/(-21). Let p be b(s). Let a(h) = -h**2 + 1. Determine a(p).
-3
Let g be (-17)/85 - (-32)/10. Let a be (-6)/21 - (-5)/(-7) - g. Let l(j) = j**3 + 4*j**2 + j + 1. Determine l(a).
-3
Let x(y) = -26*y + 1. Suppose 2*u - 88*v - 10 = -84*v, 0 = -2*u + 2*v + 4. Calculate x(u).
27
Let x(b) = -b**2 + 9*b - 11. Let h be x(2). Let n(v) = -10*v**2 + 6*v + 0*v - 3*v**h + 4*v**3 - 2 + 5*v**2. Give n(4).
6
Let b = -3 + 8. Let n(w) = -2 - 2*w**2 - w + 17*w**3 - b*w**3 - 10*w**3. Suppose 7*y = 2*y + 10. Give n(y).
4
Let k(z) be the first derivative of 7*z**6/120 + z**4/12 + z**3/6 + 3*z**2 + 28. Let i(l) be the second derivative of k(l). Calculate i(-1).
-8
Let n(y) = 2. Let g(p) = -p - 12. Let v(d) = g(d) + 6*n(d). Let t = -16 - -9. Calculate v(t).
7
Let p = 132 - 135. Let g(z) = -z**2 - 3*z - 1. Calculate g(p).
-1
Suppose 8*u - 49 = u. Suppose u = 5*m - 8. Let r(a) = a**2 - a**2 - 4*a + 4 + a**2. What is r(m)?
1
Let n be (2 + (-10)/2)/1. Let z(a) = 3*a + 2. What is z(n)?
-7
Let r(z) = z**3 + 2*z**2 - 3*z + 3. Let o be r(-3). Suppose -3*h + 5*m = 20, 4*h + 13 = 2*h + o*m. Let g(t) = t + 5. Calculate g(h).
0
Let t(k) be the second derivative of -k**3/6 - k**2/2 + k. Suppose -h - 4*q = 4, 14 = -5*h - 4*q - 6. Give t(h).
3
Let o be 0 + -2 + 4 + -3. Let u be (7 + -10)*(2 + o). Let w(b) be the first derivative of b**3/3 + b**2 + 3*b + 6. What is w(u)?
6
Let z(r) = r**3 - 19*r + 12 + 11*r + 2*r**2 - 4 + 0*r**3 + 7*r. Determine z(-4).
-20
Let r be (-1)/(-2)*0*1. Let j(h) = -6*h**3 + 2*h**3 + 8*h**3 + h**2 + 2 + h - 3*h**3. What is j(r)?
2
Let w(t) = -t**3 - 7*t**2 - 5*t + 6. Suppose -5*p + 5*f + 100 = 0, 0*p - 57 = -3*p + 2*f. Let b = -23 + p. What is w(b)?
0
Let a(q) = -q**3 + 9*q**2 - 14*q + 15. Let h(u) = -3*u**3 + 27*u**2 - 41*u + 43. Let c(p) = -8*a(p) + 3*h(p). What is c(8)?
-15
Let y(o) = 2*o**3 - 2*o**2 + 1. Let j be (6/(-21))/(78/42 + -2). What is y(j)?
9
Let t(b) = -3*b**2 + 9*b + 6. Let x(m) = 2*m**2 - 8*m - 6. Let o(l) = -3*t(l) - 4*x(l). Suppose -71*v + 15 = -74*v. Calculate o(v).
6
Let z(d) = -43 + 31 - 38 - 6*d. What is z(-10)?
10
Let u(p) = -4*p + 42. Let z be 19/(133/112) - 6. Calculate u(z).
2
Let w(t) = -t**2 - 13*t + 4. Suppose -3*d + y = 23 - 4, -2*d + 2*y - 10 = 0. Determine w(d).
46
Let j(g) = 7*g**2 + 3 + 0 - 1 - 8 + 4*g + 3. Calculate j(2).
33
Let k(y) = -4*y**2 - y + 2. Let a(m) = -m**2 - 4*m - 2. Suppose 6 = 3*v + j + 21, 12 = -4*j. Let l be a(v). What is k(l)?
-12
Let y(k) = -k**2 - 6*k + 1. Let r(n) = 2*n**2 - 74*n + 637. Let w be r(14). Calculate y(w).
-6
Suppose -6*u = -u - 30. Let l(g) = -g**2 + 8*g - 9. Determine l(u).
3
Let j be ((-6)/(-9))/((-4)/(-150)). Suppose -3*i + j = 2*i. Let y(s) be the first derivative of s**3/3 - 5*s**2/2 - 6*s + 5. What is y(i)?
-6
Let l(f) be the second derivative of 1/2*f**2 + 1/2*f**3 - 14*f + 1/6*f**4 - 1/20*f**5 + 0. What is l(3)?
1
Let o(w) = -10*w + 3. Let b(c) = 6*c - 1. Let h(l) = 5*b(l) + 2*o(l). Calculate h(-2).
-19
Let j(u) = u**2 + 4*u - 3*u**2 + 3*u**3 - 4*u**3 + 8*u**2 + 0*u**3 + 4. Calculate j(7).
-17
Let v = -20137 - -20134. Let z(g) = 9*g**2 + 6*g + 1. Let d(u) = 5*u**2 + 3*u. Let j(l) = -7*d(l) + 4*z(l). Give j(v).
4
Let j(x) = 2*x + 16. Let t(p) = p - 18. Let h be t(6). Determine j(h).
-8
Suppose 2*x - 4*u = -2*x - 8, 2*u - 16 = -4*x. Let d = 8 - 6. Let q(c) = -10*c + 4*c + 7*c - d*c + c**2. What is q(x)?
2
Let k(z) = -2*z + 5. Suppose -4*t - 34 + 126 = 0. Suppose -17 = 10*u + t. Determine k(u).
13
Let f(b) be the third derivative of b**8/6720 - b**7/280 - b**6/72 + b**5/120 - 5*b**4/24 + 13*b**2. Let l(i) be the second derivative of f(i). Determine l(10).
1
Let s(n) = n - 5. Let u be s(0). Let m(h) = -4*h**2 - 3*h. Let y(d) = -7*d**2 - 7*d + 1. Let f(k) = 5*m(k) - 3*y(k). Calculate f(u).
-8
Let n = 3 - -3. Let y be 1444/342 + 4/(-18). Let k(w) = 6 + y*w + 6 - n. Calculate k(-5).
-14
Let q(i) be the first derivative of -3/2*i**2 + 7*i - 2. Suppose 4 + 21 = c - 4*r, -5*c = 5*r. Calculate q(c).
-8
Suppose 7*c = c + 48. Let b = c + -4. Let h(j) = 7*j + 2. Let p(d) = -13*d - 3. Let q